{"id":15509,"date":"2020-10-27T23:02:27","date_gmt":"2020-10-27T16:02:27","guid":{"rendered":"http:\/\/attekno.com\/?page_id=15509"},"modified":"2020-11-25T08:30:43","modified_gmt":"2020-11-25T01:30:43","slug":"autoclave","status":"publish","type":"page","link":"https:\/\/attekno.com\/index.php\/autoclave\/","title":{"rendered":"Autoclave"},"content":{"rendered":"<p><img fetchpriority=\"high\" decoding=\"async\" class=\"alignnone size-full wp-image-15510\" src=\"https:\/\/attekno.com\/wp-content\/uploads\/2020\/10\/Autoclave.jpg\" alt=\"\" width=\"225\" height=\"225\" srcset=\"https:\/\/attekno.com\/wp-content\/uploads\/2020\/10\/Autoclave.jpg 225w, https:\/\/attekno.com\/wp-content\/uploads\/2020\/10\/Autoclave-100x100.jpg 100w, https:\/\/attekno.com\/wp-content\/uploads\/2020\/10\/Autoclave-150x150.jpg 150w, https:\/\/attekno.com\/wp-content\/uploads\/2020\/10\/Autoclave-75x75.jpg 75w\" sizes=\"(max-width: 225px) 100vw, 225px\" \/><\/p>\n<p><strong>Description<\/strong><\/p>\n<p><strong>Electro-mechanical lid lock system<\/strong><br \/>\nThe lid can be opened and closed easily and reliably with the one-touch lever.<br \/>\nA pressure seal method is used as a safety measure.<\/p>\n<p><strong>Dual interlock mechanism<\/strong><br \/>\nThe lid is locked by dually detecting the chamber pressure and chamber temperature during operation.<br \/>\nThe lock state is maintained even if an operation is manually interrupted.<\/p>\n<p><strong>pulse exhaust function<\/strong><br \/>\nfine exhaust is performed by automatically adjusting the instantaneous Exhaust intervals according to the chamber pressure.<\/p>\n<p><strong>Memory function<\/strong><br \/>\nSet contents can be registered for each mode.<\/p>\n<p><strong>Warming function that does not coagulate the agar media<\/strong><br \/>\nAfter sterilization, the agar media is kept warm to prevent it from coagulating.<\/p>\n<p><strong>&nbsp;<\/strong><\/p>\n<p><strong>Specifications:<\/strong><\/p>\n<p><strong>&nbsp;<\/strong><\/p>\n<ul>\n<li>Electromechanical lock system<\/li>\n<li>Dual-sensing interlock mechanism<\/li>\n<li>Pulse Exhaust System<\/li>\n<li>Memory function<\/li>\n<li>(Program your own)<\/li>\n<li>Space-saving design<\/li>\n<li>Process status display<\/li>\n<\/ul>\n<ul>\n<li>Effective capacity : 50liter<\/li>\n<li>Chamber size(?) : 300\u03c6\u00d7710<\/li>\n<li>Outer dimensions(W\u00d7H\u00d7D?):547\u00d71046\u00d7532<\/li>\n<li>Max.Steril.temp : 135?<\/li>\n<li>Process mode : 3-modes<\/li>\n<li>Net weight : 57kg<\/li>\n<\/ul>\n","protected":false},"excerpt":{"rendered":"<p>Description Electro-mechanical lid lock system The lid can be opened and closed easily and reliably with the one-touch lever. A pressure seal method is used as a safety measure. Dual interlock mechanism The lid is locked by dually detecting the chamber pressure and chamber temperature during operation. The lock state is maintained even if an operation is manually interrupted. pulse exhaust function fine exhaust is&hellip; <\/p>\n","protected":false},"author":1,"featured_media":16069,"parent":0,"menu_order":0,"comment_status":"closed","ping_status":"closed","template":"","meta":{"_joinchat":[],"footnotes":""},"class_list":["post-15509","page","type-page","status-publish","has-post-thumbnail","hentry","clearfix"],"_links":{"self":[{"href":"https:\/\/attekno.com\/index.php\/wp-json\/wp\/v2\/pages\/15509","targetHints":{"allow":["GET"]}}],"collection":[{"href":"https:\/\/attekno.com\/index.php\/wp-json\/wp\/v2\/pages"}],"about":[{"href":"https:\/\/attekno.com\/index.php\/wp-json\/wp\/v2\/types\/page"}],"author":[{"embeddable":true,"href":"https:\/\/attekno.com\/index.php\/wp-json\/wp\/v2\/users\/1"}],"replies":[{"embeddable":true,"href":"https:\/\/attekno.com\/index.php\/wp-json\/wp\/v2\/comments?post=15509"}],"version-history":[{"count":4,"href":"https:\/\/attekno.com\/index.php\/wp-json\/wp\/v2\/pages\/15509\/revisions"}],"predecessor-version":[{"id":16070,"href":"https:\/\/attekno.com\/index.php\/wp-json\/wp\/v2\/pages\/15509\/revisions\/16070"}],"wp:featuredmedia":[{"embeddable":true,"href":"https:\/\/attekno.com\/index.php\/wp-json\/wp\/v2\/media\/16069"}],"wp:attachment":[{"href":"https:\/\/attekno.com\/index.php\/wp-json\/wp\/v2\/media?parent=15509"}],"curies":[{"name":"wp","href":"https:\/\/api.w.org\/{rel}","templated":true}]}}